6*-4?
3, 61
Suppose 2*s + 4 = -2*s. Let v = s - -25. Suppose -3 = 3*i - v. What are the prime factors of i?
7
Let m = -68 + 235. What are the prime factors of m?
167
Suppose 0*d - 233 = -2*r - 3*d, d + 608 = 5*r. What are the prime factors of r?
11
Let j(x) = -x**3 - 11*x**2 - 10*x + 12. Let d(t) = t**3 + 4*t**2 - 2*t + 5. Let f be d(-5). What are the prime factors of j(f)?
2, 3
Let w be 8/(-3)*(-9)/6. Let c be (w/(-5))/(10/275). Let m = -7 - c. List the prime factors of m.
3, 5
Let c(j) = -j - 3. Let n be c(-7). Suppose -3*t + 0*f + 12 = 3*f, t - f = n. Suppose t*r - 2*r - 10 = 0. List the prime factors of r.
5
Let b be (3/6*-34)/(-1). Let r = b + -14. What are the prime factors of r?
3
Suppose 0 = f - 0*f + 4. Let q = 20 + f. Suppose 5*d - u = 20, d - 5*u = -3*d + q. What are the prime factors of d?
2
Let d(w) = w**2 + w + 2. Let q be 4/24 + 62/(-12). What are the prime factors of d(q)?
2, 11
Let d(o) be the third derivative of 0 + o**2 + 0*o + 2*o**3 + 1/24*o**4. List the prime factors of d(0).
2, 3
Suppose -6*p = -2*p - a - 165, 4*p = 2*a + 170. List the prime factors of p.
2, 5
Let k(o) = -o**3 + 3*o**2 + 9*o + 3. Let b(q) = q**2 + 3*q - 2*q - 4*q**2 + 4*q**2. Let n(v) = 5*b(v) - k(v). What are the prime factors of n(-2)?
5
Let b(l) = -l - 10. Suppose 2*z + 2 = 3*y + 3, -2*z - 3*y - 29 = 0. Let s be b(z). List the prime factors of s*(14/(-3) - -1).
11
Let l(a) = a**2 - 7*a + 9. Let v be l(6). Suppose 0 = -2*n - v*n + 60. What are the prime factors of n?
2, 3
Suppose p - 5*h - 17 = 36, 5*p - 3*h - 265 = 0. List the prime factors of p.
53
Suppose 12 + 36 = -3*o. Let q(w) = w**2 - 6*w + 10. Let i be q(4). List the prime factors of (-2)/(34/o + i).
2
Let n(i) = -7*i**3 + 2*i**2 + 2*i + 1. Let a(v) = -v**2 + v - 1. Let j be a(0). What are the prime factors of n(j)?
2
Let a(n) = n**3 + 5*n**2 - 2*n - 7. Suppose s + 15 = -2*s. Let w be a(s). Suppose 48 = 3*z + w*h - 2*h, -2*z + 43 = -3*h. List the prime factors of z.
17
Suppose -5*f + 17 = 2. List the prime factors of f.
3
Let l = -70 - -102. Suppose -3*d + 12 = 0, -2*d - 2*d + 126 = -5*a. Let f = a + l. List the prime factors of f.
2, 5
Suppose 3*s = 2*s - a + 12, -3*a = -3*s + 30. List the prime factors of s.
11
What are the prime factors of 36 - (1 - 6 - -2)?
3, 13
Let w(x) = -3*x - 7. Let i(v) = -3*v + 4. Let j be i(3). Let m be w(j). What are the prime factors of (1 - -3)*28/m?
2, 7
Let o(k) = 16*k - 32. What are the prime factors of o(13)?
2, 11
Let f be 1575 + (-5)/(5/2). List the prime factors of f/91 + (-2)/7.
17
Let q = -22 - -37. List the prime factors of -1*1*(1 - q).
2, 7
Let g(k) = -k**3 - 7*k**2 - 2*k + 1. Let c be g(-8). Suppose 3*s = 6*u - 2*u + 81, 3*u = 3*s - c. List the prime factors of s.
3
Let g(l) = -2*l + 4. Let i be g(6). Let o(k) = 1 + 18 - 3*k + 5*k - k. List the prime factors of o(i).
11
Suppose 4*y - 6*r = -r, -2*y - 2*r = -18. Suppose 4*f - 4*l = 136, 0 = -5*f - y*l + 138 - 18. What are the prime factors of f?
29
Let q(d) = d**2 - 2*d + 1. Let i be q(1). Let a be (-1)/(-3)*(5 + 1). Suppose g - a*g + 8 = i. What are the prime factors of g?
2
Let o(b) = b**3 - 7*b**2 + 3*b + 2. Let r be o(3). Let w = -9 + 7. List the prime factors of (w/(-5))/((-1)/r).
2, 5
Suppose -3*q = -y + 3, 2*y = 2*q + 3 + 3. Suppose -y*v + 1 = -5. Suppose -2*g = v*g - 48. List the prime factors of g.
2, 3
Suppose 211 + 153 = 4*y. List the prime factors of y.
7, 13
Let b(c) = c**3 + 78. What are the prime factors of b(0)?
2, 3, 13
Let l be (-3)/2*(-16)/6. Suppose s - 5*s = l*v + 12, 0 = v + 3. Suppose -h + 5*m - 10 = s, 4*m - 32 = -3*h + 14. List the prime factors of h.
2, 5
Let g(h) = -h**3 + 7*h**2 - 6*h + 2. Let v be g(6). Suppose 1 = -v*f + 19. List the prime factors of f.
3
List the prime factors of (-208)/(-1) + (3 - 4/1).
3, 23
Let l = 8 + -7. What are the prime factors of (0 - -1)/(l/7)?
7
Let o = 90 - 68. List the prime factors of o.
2, 11
Let z(s) = -s**3 - 16*s**2 - 23*s - 20. What are the prime factors of z(-15)?
2, 5
Suppose v + 43 = 7. Let q = v + 57. List the prime factors of q.
3, 7
Let j(n) = n**2 + 6*n - 8. Suppose -5*a = 4*c - 4*a - 51, 5*c = -5*a + 45. Suppose 4*w + 3*q = -26, 3*w + 10*q = 5*q - c. List the prime factors of j(w).
2
Suppose 2*z = 4*z - 10. What are the prime factors of z?
5
Suppose -k - 76 = -2*k. List the prime factors of k.
2, 19
Suppose -3 = 3*j - 0. Let c(r) = 11*r**2 - 1. What are the prime factors of c(j)?
2, 5
Suppose 4*p = -0*s + s - 29, 3*p + s + 13 = 0. Let c = p - -4. List the prime factors of (-10)/(-6) - c/6.
2
Suppose 5*h = 6*h. Suppose h = -4*b + 108 + 12. What are the prime factors of b?
2, 3, 5
Let d(h) = -h**3 + 6*h**2 - 5*h. Let k be d(5). Suppose k = j - 0*j - 30. Suppose -4*l + j = l. List the prime factors of l.
2, 3
Let k be (-2)/((-528)/(-260) - 2). Let c = -38 - k. List the prime factors of c.
3
Let n = 8 - 3. Suppose n*i = 49 + 21. List the prime factors of i.
2, 7
Suppose 0 = -4*j + 2 + 38. Suppose -j = -2*f, 3*o = -o + 3*f - 83. Let w = o + 28. List the prime factors of w.
11
Let j = -6 + 4. Let u be -1*1 + (j - -4). Suppose 0 = g + 3*t + 7, -4*g = t - u - 15. What are the prime factors of g?
5
Suppose -4*y + 47 = -1. What are the prime factors of y?
2, 3
Let q(w) = 5*w + 4. List the prime factors of q(3).
19
Suppose 0 = -3*r + 3*b - 6, 2*b - 4 = 4. List the prime factors of r.
2
Let a be 138/15*(5 + 0). Let b = a - 19. List the prime factors of 4/(12/b) - 1.
2
Suppose -3*z + 7*z - 80 = 0. What are the prime factors of z?
2, 5
Let c(d) = 33*d + 42. List the prime factors of c(8).
2, 3, 17
Let l = -322 - -641. List the prime factors of l.
11, 29
Suppose -4*b + 3 = -3*b. Suppose -3*d + 0*y - 4*y = -44, b*d - 19 = y. List the prime factors of d.
2
Let g(x) = 61*x + 5. Let q(m) = 31*m + 3. Let d(r) = -4*g(r) + 7*q(r). List the prime factors of d(-1).
2, 7
What are the prime factors of ((-10)/(-4))/(-5)*562/(-1)?
281
Let k = 2 + -2. Let x = k - -3. Suppose -x*c = c + 5*g - 34, -5*c + 36 = 3*g. List the prime factors of c.
2, 3
What are the prime factors of 2/(-2) - (-43)/1?
2, 3, 7
Let x(w) = -w**2 + 10*w - 4. Let o be x(10). List the prime factors of ((-47)/(-2))/((-2)/o).
47
Let d(z) = -z**2 - 3 - 2 - 13*z - 4 + 2. What are the prime factors of d(-8)?
3, 11
Suppose -3*q + 236 - 32 = 0. What are the prime factors of q?
2, 17
What are the prime factors of (-4 - (-10)/(-2))*-1?
3
Suppose 5*x + 5*c - 5 = 0, -2*x + 3 + 2 = 5*c. Suppose 2*m + x*f - 2*f = -84, m + 47 = 2*f. Let t = -26 - m. List the prime factors of t.
11
Let p(l) = 3*l**2 - 3*l + 29. What are the prime factors of p(6)?
7, 17
Suppose -3*u = -4*c - 97, 0 = 3*c + 2*u + 2*u + 54. Let g = -12 - c. List the prime factors of g.
2, 5
Suppose -2*c - 4*h = -3*c + 38, 3*h = c - 35. List the prime factors of c + 0/(1 + -2).
2, 13
Let b(j) = -j**2 + 14*j - 8. List the prime factors of b(10).
2
Suppose -h + 132 = 2. List the prime factors of h.
2, 5, 13
Suppose -3 = -0*q - 3*q. Let o(b) = 15*b. What are the prime factors of o(q)?
3, 5
Suppose 3*m - 5 = 4. Suppose -m*h + 15 = -j, 3*j + 0 = -3*h - 9. What are the prime factors of (j/3 + 3)*9?
3
Suppose -3*x = -0*x - 261. Suppose -4*r - 3*u - x = -9*r, -2*r + 2*u = -34. What are the prime factors of r?
2, 3
Let s be ((-6)/1)/2*13. List the prime factors of (-26)/s + (-80)/(-6).
2, 7
Let l(o) = -o**3 + 3*o**2 - o + 3. Let z be l(3). Suppose z = u - 0*u + 4*n - 23, -4*u + n + 177 = 0. What are the prime factors of u?
43
Let i(d) = d - 4. Let y be i(6). Suppose -98 = -3*l + y*o - 36, -28 = -2*l + 4*o. What are the prime factors of l?
2, 3
Suppose 0 = -5*i + 3*i. Suppose -2*z + 0*z + 10 = i. What are the prime factors of z?
5
Let a be ((-3)/6)/(1/6). Let q(c) = -c + 1. Let h be q(a). What are the prime factors of 6*(6/3)/h?
3
Suppose -2*a - 5*j + 32 = 0, 5 = a + 3*j - 11. List the prime factors of a.
2
Let y be 14/(-2)*1*-1. Suppose 0 = y*c - 2*c - 75. What are the prime factors of c?
3, 5
Suppose -4*s - 4*c + 1 + 11 = 0, -4*s - 5*c + 13 = 0. Suppose 0*r - 12 = -s*r. What are the prime factors of r?
2, 3
Let u(z) = 5*z**2 + 4*z - 5. List the prime factors of u(-5).
2, 5
Suppose 4*c = -3*b - 225, -c = -3*b + 7 + 53. Let t = -38 - c. What are the prime factors of t?
19
Suppose 2*u + 11 = 3*n, -u - 3*n + 17 = -0*u. List the prime factors of -1